**3 + 544*p**2 + 3783*p + 11. Calculate q(-70).
-199
Let i(b) = -139301*b - 18527039. Calculate i(-133).
-6
Let l(m) = 4644*m - 1527873. Determine l(329).
3
Let o(b) = b**3 - 962*b**2 + 21545*b - 28. Determine o(23).
-1224
Let i(m) = -5473*m + 87543. Calculate i(16).
-25
Let n(g) = -2*g**3 - 371*g**2 - 179*g + 1128. Determine n(-185).
18
Let k(g) = -2397*g - 3463. Give k(-2).
1331
Let u(d) = -5147*d - 571306. Give u(-111).
11
Let a(l) = 26*l**3 - 884*l**2 + l + 68. Calculate a(34).
102
Let m(t) = t**2 + 2344*t - 32934. Calculate m(14).
78
Let m(w) = 413*w + 10850. Calculate m(-28).
-714
Let s(r) = r**3 + 104*r**2 + 190*r - 1438. Calculate s(-102).
-10
Let w(r) = r**3 + 145*r**2 - 302*r - 895. What is w(-147)?
281
Let x(k) = 40*k**3 - 9*k**2 + 168*k - 160. Determine x(1).
39
Let c(g) = -g**3 + 121*g**2 + 683*g - 6564. Determine c(126).
114
Let f(i) = -i**2 + 5366*i - 1269265. Calculate f(248).
-1
Let v(o) = -o**2 - 1391*o + 307299. Determine v(194).
-191
Let j(s) = 130*s + 9892. Calculate j(-76).
12
Let y(u) = 6*u**2 + 72*u - 560. Determine y(-15).
-290
Let u(i) = 752*i + 325. What is u(0)?
325
Let a(p) = 153*p**3 + 1228*p**2 + 44*p - 72. What is a(-8)?
-168
Let v(m) = -m**3 + m**2 + 3155*m + 18932. Give v(-6).
254
Let w(f) = -426*f**2 - 174*f + 178. Calculate w(1).
-422
Let s(w) = 159*w - 21940. What is s(133)?
-793
Let f(q) = 2*q**3 - 46*q**2 - 2271*q + 22706. Determine f(9).
-1
Let k(t) = 981*t + 8490. Calculate k(-8).
642
Let k(b) = 11*b**3 + 91*b**2 - 188*b + 8. What is k(2)?
84
Let w(r) = -12*r**2 - 231*r - 109. What is w(-19)?
-52
Let u(n) = -221392*n - 208. Determine u(0).
-208
Let v(o) = o**3 + 174*o**2 + 1802*o + 64. Calculate v(-11).
-35
Let p(n) = 7*n**2 - 1598*n - 1062. Determine p(229).
83
Let h(j) = -1456*j - 18948. Give h(-13).
-20
Let r(n) = 630249*n + 6932739. Determine r(-11).
0
Let y(h) = 21*h**2 - 2465*h + 558. What is y(117)?
-378
Let f(u) = -u**3 + 3*u**2 + 989*u + 228. What is f(-30)?
258
Let p(z) = -697*z**2 + 2835*z - 181. What is p(4)?
7
Let z(s) = -3*s**2 - 517*s - 12185. Determine z(-144).
55
Let o(w) = -2*w**3 + 21*w**2 - 130*w + 170. Calculate o(2).
-22
Let s(n) = -n**3 + 313*n**2 + 1010*n - 218550. What is s(314)?
-6
Let d(j) = -j**2 - 65*j + 2374. What is d(26)?
8
Let m(g) = -961338*g + 15381405. Calculate m(16).
-3
Let r(z) = 82*z + 1872. Calculate r(-32).
-752
Let h(u) = 2847*u - 422. What is h(2)?
5272
Let s(x) = -77*x**3 + 17*x**2 + x - 508. Give s(0).
-508
Let m(z) = 651290*z - 2605119. Determine m(4).
41
Let z(b) = -349*b + 1392. Give z(5).
-353
Let r(l) = -989*l - 1081963. Calculate r(-1094).
3
Let q(l) = 489628*l + 8323673. What is q(-17)?
-3
Let n(b) = b**3 - 366*b**2 - 1096*b - 4772. Determine n(369).
-713
Let q(m) = 2*m**3 - 71*m**2 + 475*m + 1245. Determine q(25).
-5
Let l(a) = -304*a + 7. Calculate l(-5).
1527
Let u(t) = -15*t**2 + 2749*t + 10304. Give u(187).
-168
Let q(c) = 2*c**3 - 4423*c**2 - 13290*c - 11. Calculate q(-3).
-2
Let c(m) = -302*m**3 - m**2 - 55*m - 56. Calculate c(-1).
300
Let s(t) = 2709*t + 10864. Calculate s(-4).
28
Let r(a) = a**2 + 56*a + 984. Calculate r(-82).
3116
Let k(n) = -166595*n - 36484309. Calculate k(-219).
-4
Let a(j) = 172*j + 82550. Determine a(-480).
-10
Let i(r) = 27*r**3 - 10932*r**2 - 1139*r - 30788. Give i(405).
-8
Let h(f) = -390422*f + 80426930. What is h(206)?
-2
Let z(f) = -116*f**2 + 27812*f + 34698. Give z(241).
-6
Let u(m) = 3*m**2 - 431*m - 4300. Calculate u(-11).
804
Let x(v) = 9*v**2 - 1830*v - 1330. What is x(205)?
1745
Let d(u) = -3*u**2 - 220*u - 3280. Give d(-22).
108
Let k(a) = -513*a - 32836. Calculate k(-64).
-4
Let w(g) = -g**3 - 73*g**2 - 355*g - 1065. Determine w(-68).
-45
Let r(x) = -185475*x + 5749728. Give r(31).
3
Let u(l) = l**2 - 995*l - 19975. Calculate u(-21).
1361
Let s(n) = -19*n**2 - 1695*n - 5. Give s(-89).
351
Let h(w) = -12*w**3 + 10*w**2 + 522*w + 857. Give h(-5).
-3
Let g(j) = 24*j**2 + 372*j - 99. Give g(-4).
-1203
Let v(q) = 4143*q + 58031. Give v(-14).
29
Let v(p) = -64*p**2 - 1172*p + 12795. Determine v(-26).
3
Let u(p) = p**2 + 194*p + 8692. Give u(-76).
-276
Let l(i) = 12*i**2 - 1975*i + 5813. What is l(3)?
-4
Let c(s) = -7994*s - 319713. Calculate c(-40).
47
Let q(i) = 373*i - 4070. Give q(6).
-1832
Let g(r) = -1183*r - 94648. What is g(-80)?
-8
Let o(p) = -5630*p + 748801. Give o(133).
11
Let j(p) = 896*p + 345857. Give j(-386).
1
Let a(x) = -x**2 - 233*x + 8265. Determine a(33).
-513
Let z(d) = d**2 + 11*d - 1232. Calculate z(26).
-270
Let f(m) = 847*m + 3515. Calculate f(-5).
-720
Let f(j) = 6*j**2 + 22887*j - 183479. Determine f(8).
1
Let r(i) = -2086*i - 551. Determine r(0).
-551
Let q(a) = a**2 - 248*a - 15627. Give q(300).
-27
Let j(t) = -8734*t + 724921. What is j(83)?
-1
Let l(g) = 85*g**2 + 2817*g + 515. Determine l(-33).
119
Let y(w) = -w**3 - 192*w**2 - 525*w + 5768. What is y(-189)?
-2170
Let n(c) = -2679*c + 878654. What is n(328)?
-58
Let t(z) = 125*z**2 - 9740*z - 825. Give t(78).
-45
Let y(j) = 439*j + 8060. What is y(-18)?
158
Let m(p) = -87968*p + 791717. What is m(9)?
5
Let v(l) = -218*l + 1664. Give v(6).
356
Let k(q) = -2*q**2 - 4456*q + 35695. Give k(8).
-81
Let j(y) = y**3 - 58*y**2 + 751*y - 12. What is j(39)?
378
Let c(t) = -19*t**2 - 1975*t - 319. Determine c(-104).
-423
Let r(a) = -64*a**2 + 37*a - 71. Determine r(2).
-253
Let x(r) = -r**2 + 1956*r - 87965. Give x(46).
-105
Let b(m) = -17266*m + 22102. Give b(1).
4836
Let y(n) = n**3 + 17*n**2 + 47*n - 192. Give y(-13).
-127
Let u(g) = -g**2 - 53*g - 368. Determine u(-46).
-46
Let k(v) = -2*v**3 - 15*v**2 + 323*v + 2018. Determine k(-6).
-28
Let a(k) = 127762*k + 894346. What is a(-7)?
12
Let p(n) = -115210*n - 345458. Give p(-3).
172
Let w(z) = 3388*z - 345586. What is w(102)?
-10
Let m(c) = c**3 - 33*c**2 + 708*c - 14719. What is m(27)?
23
Let k(l) = l**3 + 25*l**2 - 1768*l - 15056. What is k(-53)?
-4
Let y(f) = -5*f**3 - 102*f**2 - 519*f - 52. Determine y(-9).
2
Let p(m) = m**3 + 44*m**2 + 113*m + 188. Calculate p(-41).
598
Let h(c) = -c**3 - 44*c**2 + 2*c - 1257. Give h(-44).
-1345
Let q(b) = 3209*b - 814517. Determine q(254).
569
Let h(t) = 60*t - 2727. Determine h(45).
-27
Let x(w) = 17589*w + 70346. Give x(-4).
-10
Let b(w) = w**2 - 3434*w - 24112. Calculate b(-7).
-25
Let x(w) = w**3 - 51*w**2 - 608*w - 381. What is x(61)?
-259
Let c(l) = 3*l**3 + 299*l**2 - 99*l - 29410. Determine c(-99).
-7
Let q(p) = 1122*p**3 + 30295*p**2 + 102*p + 2025. Give q(-27).
0
Let z(c) = -3998*c + 599707. Determine z(150).
7
Let h(x) = 27*x - 3341. Determine h(125).
34
Let t(j) = -51*j**2 + 112*j + 61. Calculate t(4).
-307
Let p(q) = -2817*q + 625380. Calculate p(222).
6
Let b(u) = -233*u - 34888. Give b(-151).
295
Let i(q) = q**3 + 270*q**2 + 2602*q + 461. Determine i(-260).
-59
Let s(g) = 2*g**2 - 3520*g - 74615. Give s(-21).
187
Let y(x) = x**2 - 347*x + 25005. What is y(102)?
15
Let u(t) = 107665*t + 969066. Calculate u(-9).
81
Let d(x) = -x**2 + 75325*x + 11321248. What is d(-150)?
-2
Let t(d) = -2*d**3 + 378*d**2 + 1559*d - 3035. Calculate t(193).
-140
Let o(t) = -407*t - 38554. What is o(-95)?
111
Let n(g) = -199*g**3 + 389*g**2 + 12*g - 20. Determine n(2).
-32
Let t(z) = 5*z**2 - 25*z + 921. Determine t(32).
5241
Let d(t) = -1261*t - 49552. What is d(-39)?
-373
Let j(m) = -610*m**2 + 75*m - 58. What is j(1)?
-593
Let i(t) = -6076*t - 2211648. What is i(-364)?
16
Let k(i) = 2497*i + 20042. Give k(-8).
66
Let x(l) = 3*l**3 + 698*l**2 - 210*l + 3533. Determine x(-233).
-1826
Let j(s) = 29151*s - 583028. Give j(20).
-8
Let x(c) = -6*c**2 - 66*c - 533. Give x(-5).
-353
Let h(a) = a**3 - 538*a**2 + 7344*a - 4184. Determine h(524).
8
Let p(i) = 10108*i - 141520. Determine p(14).
-8
Let u(y) = -2*y**2 + 168*y - 1133. Determine u(115).
-8263
Let c(a) = 1839*a - 74. Give c(0).
-74
Let a(v) = 19*v**3 + 76*v**2 - 71*v - 237. Calculate a(-6).
-1179
Let u(z) = -8*z**3 - 3*z**2 + 185*z + 1189. What is u(-6)?
1699
Let r(h) = 3*h**3 - 9*h**2 + 52*h - 23. Calculate r(4).
233
Let g(a) = -8*a**2 - 2000*a - 17. What is g(0)?
-17
Let f(s) = -10*s**2 - 173*s + 274. Give f(-24).
-1334
Let n(r) = -r**3 - 338*r**2 + 42742*r + 6103. Give n(-436).
-1
Let i(s) = s**3 - 108*s**2 - 636*s - 5465. Determine i(114).
7
Let s(a) = a**3 + 38*a**2 - 494*a - 258. Determine s(-4